{"id":24,"date":"2023-09-22T09:00:30","date_gmt":"2023-09-22T09:00:30","guid":{"rendered":"https:\/\/nbvnorr.se\/v5.1\/index.php\/mer-om-vagen\/"},"modified":"2023-09-22T09:00:31","modified_gmt":"2023-09-22T09:00:31","slug":"mer-om-vagen","status":"publish","type":"page","link":"https:\/\/nbvnorr.se\/v5.1\/mer-om-vagen\/","title":{"rendered":"Mer om V\u00e4gen"},"content":{"rendered":"\n  \n    <section class=\"u-clearfix u-section-1\" id=\"sec-1a6b\">\n      <div class=\"u-clearfix u-sheet u-sheet-1\">\n        <div class=\"data-layout-selected u-clearfix u-expanded-width u-layout-wrap u-layout-wrap-1\">\n          <div class=\"u-layout\" style=\"\">\n            <div class=\"u-layout-row\" style=\"\">\n              <div class=\"u-size-30\" style=\"\">\n                <div class=\"u-layout-col\" style=\"\">\n                  <div class=\"u-container-style u-layout-cell u-size-30 u-layout-cell-1\">\n                    <div class=\"u-container-layout u-container-layout-1\">\n                      <h2 class=\"u-text u-text-default u-text-1\">V\u00e4gen<\/h2>\n                      <h3 class=\"u-text u-text-default u-text-2\"> Nyckelfunktioner och f\u00f6rdelar<\/h3>\n                    <\/div>\n                  <\/div>\n                  <div class=\"u-align-left u-container-style u-layout-cell u-size-30 u-layout-cell-2\">\n                    <div class=\"u-container-layout u-container-layout-2\">\n                      <ol class=\"u-text u-text-3\">\n                        <li>\n                          <span style=\"font-weight: 700;\">Anv\u00e4ndarv\u00e4nligt gr\u00e4nssnitt: <br>\n                          <\/span>\u2022 Funktion: Intuitiv design och navigering. <br>\u2022 F\u00f6rdel: F\u00f6renklar inl\u00e4rningsprocessen f\u00f6r b\u00e5de cirkelledare och deltagare, vilket s\u00e4kerst\u00e4ller en smidig upplevelse.<br>\n                          <br>\n                        <\/li>\n                        <li>\n                          <span style=\"font-weight: 700;\">Samarbetsverktyg: <br>\n                          <\/span>\u2022 Funktion: Forum, chattar och gruppprojekt. <br>\u2022 F\u00f6rdel: Fr\u00e4mjar aktivt deltagande och interaktion, vilket fr\u00e4mjar en k\u00e4nsla av gemenskap inom studiecirkeln.<br>\n                          <br>\n                        <\/li>\n                        <li>\n                          <span style=\"font-weight: 700;\">Anpassningsbara arbetsytor: <br>\n                          <\/span>\u2022 Funktion: Skr\u00e4ddarsydda milj\u00f6er f\u00f6r varje studiecirkel. <br>\u2022 F\u00f6rdel: Till\u00e5ter cirkelledare att skapa en unik inl\u00e4rningsatmosf\u00e4r som tillgodoser deltagarnas specifika behov och intressen. <br>\n                          <br>\n                        <\/li>\n                        <li>\n                          <span style=\"font-weight: 700;\">Resursbibliotek: <br>\n                          <\/span>\u2022 Funktion: En samling olika l\u00e4romedel. <br>\u2022 F\u00f6rdel: F\u00f6rst\u00e4rker djupet i diskussionerna och ger en rik k\u00e4lla till information f\u00f6r alla \u00e4mnen.<br>\n                          <br>\n                        <\/li>\n                        <li>\n                          <span style=\"font-weight: 700;\">Verktyg f\u00f6r bed\u00f6mning och feedback: <br>\n                          <\/span>\u2022 Funktion: Verktyg f\u00f6r att m\u00e4ta deltagarnas framsteg. <br>\u2022 F\u00f6rdel: G\u00f6r det m\u00f6jligt f\u00f6r cirkelledare att ge snabb feedback, vilket s\u00e4kerst\u00e4ller kontinuerliga f\u00f6rb\u00e4ttringar och tillv\u00e4xt f\u00f6r deltagarna.<br>\n                          <br>\n                        <\/li>\n                        <li>\n                          <span style=\"font-weight: 700;\">Mobil tillg\u00e4nglighet: <br>\n                          <\/span>\u2022 Funktion: Optimerad f\u00f6r mobila enheter. <br>\u2022 F\u00f6rdel: Erbjuder flexibilitet f\u00f6r deltagarna att l\u00e4ra sig p\u00e5 plats, vilket s\u00e4kerst\u00e4ller kontinuerligt engagemang. <br>\n                          <br>\n                        <\/li>\n                        <li>\n                          <span style=\"font-weight: 700;\">S\u00e4kerhet och integritet: <br>\n                          <\/span>\u2022 Funktion: Robusta s\u00e4kerhets\u00e5tg\u00e4rder. <br>\u2022 F\u00f6rdel: S\u00e4kerst\u00e4ller att alla diskussioner, resurser och personuppgifter skyddas, vilket fr\u00e4mjar f\u00f6rtroende bland anv\u00e4ndarna.<br>\n                        <\/li>\n                      <\/ol>\n                    <\/div>\n                  <\/div>\n                <\/div>\n              <\/div>\n              <div class=\"u-size-30\">\n                <div class=\"u-layout-col\">\n                  <div class=\"u-container-style u-layout-cell u-size-60 u-layout-cell-3\">\n                    <div class=\"u-container-layout u-container-layout-3\">\n                      <h3 class=\"u-text u-text-4\"> Tailored Practicality for Study Circles<\/h3>\n                      <p class=\"u-align-justify u-text u-text-5\">I sf\u00e4ren av digitalt l\u00e4rande framst\u00e5r V\u00e4gen som en ledstj\u00e4rna f\u00f6r praktiska l\u00f6sningar, noggrant utformad f\u00f6r att tillgodose studiecirklarnas unika dynamik. I grunden f\u00f6rst\u00e5r V\u00e4gen att studiecirklar \u00e4r mer \u00e4n bara l\u00e4rotillf\u00e4llen; de \u00e4r samarbetsgemenskaper d\u00e4r kunskap delas, diskuteras och samskapas. <br>\n                        <br>Plattformens anv\u00e4ndarv\u00e4nliga gr\u00e4nssnitt \u00e4r ett bevis p\u00e5 dess engagemang f\u00f6r enkelhet. Cirkelledare och deltagare, oavsett deras tekniska skicklighet, kan enkelt navigera p\u00e5 plattformen, vilket s\u00e4kerst\u00e4ller att fokus f\u00f6rblir p\u00e5 essensen av l\u00e4rande och samarbete. De anpassningsbara arbetsytorna accentuerar V\u00e4gens anpassningsf\u00f6rm\u00e5ga ytterligare. Cirkelledare har autonomin att forma sin digitala milj\u00f6, vilket speglar etos och m\u00e5l f\u00f6r sin studiecirkel, vilket s\u00e4kerst\u00e4ller att varje session k\u00e4nns personlig och relevant. <br>\n                        <br>En av V\u00e4gens utm\u00e4rkande egenskaper \u00e4r dess samarbetsverktyg. Fr\u00e5n forum till gruppprojekt, dessa verktyg \u00e4r utformade f\u00f6r att efterlikna den interaktiva karakt\u00e4ren hos fysiska studiecirklar, vilket s\u00e4kerst\u00e4ller att varje deltagares r\u00f6st inte bara h\u00f6rs utan v\u00e4rderas. Plattformens stora resursbibliotek fungerar som en reservoar av kunskap, och ger cirkelledare och deltagare en uppsj\u00f6 av material f\u00f6r att berika sina diskussioner och vidga sina vyer. <br>\n                        <br>V\u00e4gen inser att digitala interaktioner utvecklas och integrerar Genv\u00e4gen s\u00f6ml\u00f6st, vilket ger ett extra lager av bekv\u00e4mlighet. Oavsett om en studiecirkel kr\u00e4ver en omfattande arbetsyta eller en snabb virtuell klassrumsinr\u00e4ttning, s\u00e4kerst\u00e4ller synergin mellan V\u00e4gen och Genv\u00e4gen att alla behov tillgodoses med precision och effektivitet. <br>\n                        <br>Sammanfattningsvis ligger V\u00e4gens praktiska funktion inte bara i dess egenskaper utan i dess filosofi. Det \u00e4r en plattform som f\u00f6rst\u00e5r hj\u00e4rtat och sj\u00e4len i studiecirklar, och erbjuder verktyg och resurser som f\u00f6rst\u00e4rker essensen av kollaborativt l\u00e4rande. Med den extra f\u00f6rdelen med Genv\u00e4gen st\u00e5r V\u00e4gen som den ultimata digitala f\u00f6ljeslagaren f\u00f6r alla studiecirklar, och utlovar en upplevelse som \u00e4r engagerande, berikande och st\u00e4rkande.\n                      <\/p>\n                    <\/div>\n                  <\/div>\n                <\/div>\n              <\/div>\n            <\/div>\n          <\/div>\n        <\/div>\n      <\/div>\n    <\/section>\n    \n    \n    \n    \n  \n","protected":false},"excerpt":{"rendered":"<p>V\u00e4gen Nyckelfunktioner och f\u00f6rdelar Anv\u00e4ndarv\u00e4nligt gr\u00e4nssnitt: \u2022 Funktion: Intuitiv design och navigering. \u2022 F\u00f6rdel: F\u00f6renklar inl\u00e4rningsprocessen f\u00f6r b\u00e5de cirkelledare och &hellip; <a href=\"https:\/\/nbvnorr.se\/v5.1\/mer-om-vagen\/\" class=\"more-link\">Continue reading<span class=\"screen-reader-text\"> &#8221;Mer om V\u00e4gen&#8221;<\/span><\/a><\/p>\n","protected":false},"author":1,"featured_media":0,"parent":0,"menu_order":4,"comment_status":"closed","ping_status":"closed","template":"","meta":{"footnotes":""},"class_list":["post-24","page","type-page","status-publish","hentry"],"_links":{"self":[{"href":"https:\/\/nbvnorr.se\/v5.1\/wp-json\/wp\/v2\/pages\/24","targetHints":{"allow":["GET"]}}],"collection":[{"href":"https:\/\/nbvnorr.se\/v5.1\/wp-json\/wp\/v2\/pages"}],"about":[{"href":"https:\/\/nbvnorr.se\/v5.1\/wp-json\/wp\/v2\/types\/page"}],"author":[{"embeddable":true,"href":"https:\/\/nbvnorr.se\/v5.1\/wp-json\/wp\/v2\/users\/1"}],"replies":[{"embeddable":true,"href":"https:\/\/nbvnorr.se\/v5.1\/wp-json\/wp\/v2\/comments?post=24"}],"version-history":[{"count":1,"href":"https:\/\/nbvnorr.se\/v5.1\/wp-json\/wp\/v2\/pages\/24\/revisions"}],"predecessor-version":[{"id":28,"href":"https:\/\/nbvnorr.se\/v5.1\/wp-json\/wp\/v2\/pages\/24\/revisions\/28"}],"wp:attachment":[{"href":"https:\/\/nbvnorr.se\/v5.1\/wp-json\/wp\/v2\/media?parent=24"}],"curies":[{"name":"wp","href":"https:\/\/api.w.org\/{rel}","templated":true}]}}